- 53. Let s be z(-18). Let j(q) = -2 + 6185*q**3 + q**2 - 6183*q**3 + s + 3*q - 2*q**2. What is j(1)?
3
Let h(k) be the first derivative of 3*k**2 - 49*k + 5280. What is h(10)?
11
Suppose 0 = -3*l + 3 - 21. Let p(c) = 114*c - 106*c + 578*c**2 - 583*c**2 + 14 - c**3. Calculate p(l).
2
Let u(z) be the third derivative of 1/12*z**4 + 0*z + 0 - 65*z**2 + 7/6*z**3. What is u(-6)?
-5
Let p be (-10)/(-2) + (-5 - -3). Let f(v) = p + 26*v - 11*v - 9*v - 7*v. Give f(-3).
6
Let p(n) = -2*n - 6. Let r(c) = -c + 1. Let q(t) = -p(t) - 10*r(t). Give q(-4).
-52
Suppose 0 = -2*s + 3*u + 24, 4*u = u - 6. Let z(c) = 6*c**2 - 3*c**2 + c - c**3 - 17 + s + 13. Calculate z(4).
-7
Let f(v) = -41*v - 5*v**2 + 45*v - 1 + 41*v - 47*v. What is f(-1)?
-4
Let c = -400 + 404. Let u be (-15)/(-20) - 1 - 3/c. Let z(m) be the first derivative of -21*m**2/2 + m - 2. Calculate z(u).
22
Let i(p) = p**3 + 6*p**2 + 5*p + 4. Let w be i(-5). Let x(m) be the third derivative of 0*m + 0 - 1/12*m**4 - 12*m**2 + m**3. Calculate x(w).
-2
Let f(v) = 5*v - 110. Let i(y) = -11*y + 229. Let l(h) = 7*f(h) + 4*i(h). Determine l(17).
-7
Let v(a) = 2*a - 11. Suppose 4*z - 28 = -l - 0*z, -3*l + z - 7 = 0. Give v(l).
-11
Let b(w) = w**3 - 5*w**2 - 3*w. Let q be b(4). Suppose -4*a + 5*n = -a - 86, -2*a + 64 = -5*n. Let r = q + a. Let v(k) = 2*k - 1. What is v(r)?
-13
Let p(s) = s - 6. Let a(n) = -n**3 - 33*n**2 + n + 31. Let u be a(-33). Let r be -8 + u - (-36 + 39). Calculate p(r).
-19
Let p(l) = 9*l - 25. Let y be p(3). Suppose -4*w = -5*f - 225, -3*w - 50 = -4*f - 219. Let z(d) = w*d + 5 - 1 - 49*d + d**y. Calculate z(-5).
-1
Let h(i) = 2*i**2 - 10*i + 126 - 37*i + 69 - 221 + 96. Calculate h(22).
4
Let l be (15 + -6)*8/6. Suppose -18*n + 30 = -l*n. Let z(c) = -c**2 - c + 30. Let p be z(n). Let y(s) = -s**2 + 7. What is y(p)?
7
Let t(w) = -65*w + 6. Let q(i) = 28*i - 4. Let c(z) = 7*q(z) + 3*t(z). Calculate c(6).
-4
Let c(z) = -5*z + 1. Let d = -183 + 215. Suppose -d*i = -38 + 6. What is c(i)?
-4
Let d(f) = 1207*f - 604*f - 6 - 7*f**2 - 602*f + f**3. Let b = 511 - 504. What is d(b)?
1
Let a(b) be the third derivative of b**4/12 + b**3/3 + 13*b**2. Let m be -6*(-3 + (-5)/(-2))/1. Suppose -3*q - 29 = 2*r, -q - m*r = 2 + 17. Determine a(q).
-12
Let r be (-6 + 11 - -5)/(4*(-8)/(-96)). Let h(w) = -w**2 + 33*w - 109. What is h(r)?
-19
Let t = 18 - -10. Let x = t + -26. Let f be x/(-6)*1 + 22/3. Let z(m) = -m - 4. Calculate z(f).
-11
Suppose -w - 12 = -4*w. Let q be ((9/6)/3)/(1/w). Suppose -12 = 3*l, -6*i + l + 16 = -q*i. Let d(o) = -2*o - 2. Determine d(i).
-8
Let o = -133374 + 133369. Let d(j) be the second derivative of j**4/12 + 7*j**3/6 + 2*j**2 - j. Give d(o).
-6
Let w(r) = 7*r - 19. Let o be w(3). Let a(f) = -69 - o*f - 49 + 99. What is a(-9)?
-1
Suppose 8 = -4*i + 48. Let x(f) = 15*f**2 - 11*f + 796. Let b(o) = -7*o**2 + 6*o - 369. Let g(v) = -13*b(v) - 6*x(v). Calculate g(i).
1
Let m(f) = 4*f - 3. Let q(b) = -82*b + 267. Let k(l) = -18*m(l) - q(l). What is k(22)?
7
Let o(t) = -t**3 + 34*t**2 + t - 30. Let c be o(34). Let z(k) = 5*k**2 - 3*k - 17. Let a(h) = 9*h**2 - 6*h - 33. Let g(d) = c*a(d) - 7*z(d). Give g(6).
5
Suppose 5*h - 2 = 3. Suppose 4*v + 2*b = 24, 2*b - 5*b + 1 = -v. Let r(i) = -221 - 218 + 440 - v*i. Determine r(h).
-4
Let l = -3 + -1. Let s = 238 + -234. Let i(y) = -921*y + 457*y + y**2 + s + 468*y. Determine i(l).
4
Let u be (-4)/6 + (-15)/(-9). Let y = 3 + u. Let o(t) = -t + 5. What is o(y)?
1
Let g(b) be the second derivative of -b**5/20 - 3*b**4/4 + 4*b**3/3 - 5*b**2 - 42*b - 2. Let l be g(-10). Let x(n) = -n**2 + 9*n - 3. Determine x(l).
-13
Let z = 764 - 762. Let t(h) = 3*h**3 - h**2 + h + 1. Calculate t(z).
23
Suppose -4*w = -h + 9, 1231*w - 1229*w - 3 = -h. Let g(x) = 2*x**3 - 11*x**2 + 12*x - 23. Calculate g(h).
12
Let f = -48 + 51. Let m(a) be the first derivative of a**3/3 - 3*a**2/2 + 6*a + 206. Give m(f).
6
Suppose 325 = -27*n + 52*n. Let v(b) = b**3 - 12*b**2 - 13*b - 1. Give v(n).
-1
Suppose 0 = 664*f - 714*f + 100. Let g(z) be the first derivative of -20 + z - 13/2*z**f. What is g(-1)?
14
Let p = -939 - -942. Suppose -2*l - 15 = 5*q, l + 3*q - 10 = 4*q. Let b(d) = -2*d - 17*d**p + 10*d**3 - l*d**2 + 6*d**3. Calculate b(-5).
10
Let g(w) = -w**2 + 10*w + 13. Let m be g(11). Let h = 6 - m. Suppose 1 = -j + h*c, 6*c - 3*c = j + 2. Let v(k) = -k**3 - 5*k**2 - k - 1. Give v(j).
4
Let c(q) = q - 13. Let u be 3 + -4 + 4 - -42. Let p = 40 + u. Let z = 92 - p. Determine c(z).
-6
Suppose -6 = -2*d + 3*t, -20 = -3*d - t - 0*t. Let h(y) = -37 + 6*y + 13 + d*y**2 + 20 + y**3. Determine h(-3).
5
Suppose -2*i - 2*q = -118, i + 3*q = 2*i - 63. Suppose -3*o + 30 = -0*o. Suppose -i = 4*z - o*z. Let g(a) = -a + 13. What is g(z)?
3
Let h(b) be the first derivative of -b**7/840 - b**6/60 + b**5/20 - 5*b**4/12 + 75*b**3 - 155. Let o(i) be the third derivative of h(i). Give o(-7).
-3
Let v = 1 - 2. Suppose 25 = 4*i - 27. Let f(p) = -i*p + 185 - 90 - 96. What is f(v)?
12
Let y(r) be the second derivative of r**4/8 - 8*r**3/3 - 49*r**2 + 2*r + 34. Let t(x) be the first derivative of y(x). What is t(5)?
-1
Let d(q) be the second derivative of q**4/12 + q**3/3 + q**2 - 15*q. What is d(4)?
26
Let j(v) = -v**2 - 4*v + 107. Let p = -15953 + 15940. Give j(p).
-10
Let i = 418 - 416. Let p(f) = -1239*f**2 - 8*f + 619*f**2 + 1 + f**3 + 612*f**i. Give p(9).
10
Suppose -161*a + 174*a = 1443. Let j be 14 - a/8 - 30/(-16). Let o(c) = c**3 - 3*c**2 + c + 2. Calculate o(j).
0
Let j = -227 + 240. Let v(t) = 3 + 14*t + t**3 + 3 + 11*t**2 - j*t - 3. Determine v(-11).
-8
Let h be (0 - -1)/((-17)/68). Let l(m) = -m**2 - 9*m - 10. Let y be l(h). Let n(f) = f**3 - 11*f**2 + 10*f - 7. Calculate n(y).
-7
Suppose 7*l + 26*l + 180 = 3*l. Let a(r) = -r - 7. Determine a(l).
-1
Let y(p) = 37*p**2 - 44*p - 11. Let v(c) = 19*c**2 + 2 - 6*c + 2 - 32*c**2 + 21*c. Let z(i) = 17*v(i) + 6*y(i). Calculate z(9).
2
Let f(g) be the second derivative of g**5/20 - g**4/4 - g**3/2 - 13*g**2/2 + 558*g - 9. Give f(5).
22
Let y(t) = 7*t**3 + 9*t**2 + t + 164. Let g(k) = 16*k**3 + 20*k**2 + 2*k + 347. Let c(x) = 4*g(x) - 9*y(x). Calculate c(0).
-88
Let g(b) = -b + 1 - 1. Let l(w) = -9*w - 1. Let n(k) = -3*g(k) + l(k). Let t(a) = -2297*a - 252671. Let s be t(-110). Calculate n(s).
5
Let j(t) = 2*t - 1. Suppose -9*n + n + 32 = 0. Suppose -a = n*o - 6*a - 51, o = a + 13. Let m = 19 - o. Calculate j(m).
9
Let l be (-6 - (-114)/18)/(2/12). Let c be (-3)/9 - (8/12 - l). Let w(x) = 3*x**2 - 1. Give w(c).
2
Let h(q) = 4*q - 2. Let a = 39 - 27. Suppose 2*l = -2*b - 3*b + a, 5*l + 3*b - 11 = 0. Let g be (93/(-62))/((-11)/(-8) - l). Give h(g).
-18
Suppose g + z = -17, -26*g = -31*g - 2*z - 73. Let o(t) = -t**3 - 14*t**2 - 13*t. Calculate o(g).
0
Let s(x) be the second derivative of x**6/120 - x**5/6 + x**4/3 + 5*x**3/6 + 20*x**2 - 5*x. Let h(t) be the first derivative of s(t). Give h(9).
-4
Let c be (1 - 1) + 5 + -5. Let l(s) = 9*s + 17. Let x be 3 + (17/(-34))/((-2)/4). Let d(z) = 7*z + 16. Let i(g) = x*l(g) - 5*d(g). Calculate i(c).
-12
Let a(m) be the third derivative of -5/24*m**4 - 7/6*m**3 - 1/60*m**5 - 43*m**2 + 0*m + 0. What is a(-5)?
-7
Let l(a) = 3*a - 16. Let u = 83 + 29. Let j be 840/u - (-2)/(-4). Calculate l(j).
5
Let r = -60 - -297. Let l = r - 237. Let i(m) = -m**2 + m - 20. Calculate i(l).
-20
Let s = -14 + 18. Let h(f) = 5*f**2 - 13*f - 3. Let d(n) = n**2 - n - 1. Let r(k) = s*d(k) - h(k). Let o(p) = -2*p. Let i be o(-4). Determine r(i).
7
Let v(j) = -23*j - 1894 + 10*j + 12*j + 1877. Let u be 2*-1*63/6. Determine v(u).
4
Let t(f) = -f**3 - 20*f**2 + 47*f + 68. Let b(i) = 21*i**3 + 2*i**2 + 7*i + 4. Let q be b(-1). Let u be t(q). Let h(s) = 26*s. Determine h(u).
52
Suppose m + 11 = r, 3*r + 14 + 1 = -3*m. Let d(s) = -s**3 - 4 - 5*s**2 + 569119*s - 2*s**2 - 569115*s. Give d(m).
28
Let y = 107 + -102. Let q(i) be the third derivative of i**5/60 - i**4/24 - 5*i**3/6 - 6*i**2 - 5*i. Calculate q(y).
15
Let z(m) = -m**2 + 5*m - 5. Let a = 4 + -5. Let r(q) = -q**2 + 1. Let d(x) = a*z(x) - r(x). Let u = 1 - -2. Determine d(u).
7
Let l(h) = -55*h**3 + 29*h**2 - h - 10. Let i(t) = -47*t**3 + 28*t**2 - t - 12. Let d(j) = -7*i(j) + 6*l(j). Give d(-22).
2
Let d(f) = -f**2 - 7*f - 5. Let i(j) = -6*j - 122. Let m be i(-21). Suppose 0 = -5